b + 163 = 2*g - 94*b. Calculate the highest common factor of g and 17.
17
Let k = 813 + -460. Let u = -337 + k. Calculate the greatest common factor of 1 and u.
1
Let v be (6/5)/((-2)/(-80)). Suppose -1738 = -7*j + 1762. Suppose -12*w + j = -652. Calculate the greatest common divisor of v and w.
48
Suppose s + 108 = 4*k - 225, 0 = k + 3*s - 93. What is the highest common divisor of 476 and k?
28
Let c(s) = s**2 + 38*s + 66. Let b(f) = 3*f + 28. Let r be b(-22). Let d be c(r). What is the highest common factor of d and 132?
66
Suppose 0 = -21*j + 27*j + 48. Let x(h) = h**3 + 8*h**2 + 13*h + 12. Let u be x(j). Let k = 167 + u. What is the highest common divisor of k and 30?
15
Let m = 74 + -69. Suppose 4*k = m*k - 1. Let d be 44/(k + 5/(-15)). Calculate the greatest common divisor of 44 and d.
22
Let i = 68 + -105. Let k(u) = u**3 + 37*u**2 - 3*u - 56. Let v be k(i). Calculate the greatest common divisor of v and 165.
55
Let m be (1 - -869)*(2 + 72/(-30)). Let t be (m/(-290))/(2/50). Let p = 363 - 198. Calculate the highest common divisor of p and t.
15
Suppose 3*r - 3*l - 51 = 0, -14*r = -16*r + 5*l + 43. Let m = r + -9. Let a be 6/21 + (-10)/(-14). Calculate the greatest common divisor of m and a.
1
Let z be (-368)/12*(-12)/16. Let x be 71/3 + 22/(-33). Calculate the highest common divisor of z and x.
23
Let j be -2 - ((-2)/3 + 2912/(-24)). Let v = 164 - j. Calculate the highest common divisor of v and 4.
4
Suppose -4*n + 689 = -283. Let c(r) be the second derivative of -r**3 + 57*r**2/2 + r + 29. Let h be c(5). What is the greatest common factor of n and h?
27
Let k(t) = 11*t - 87. Let f be k(8). Let h be 14/((-84)/(-306)) + (f - 6). Calculate the highest common divisor of 115 and h.
23
Let z = -4 - -65. Let b be (88/12)/(16/(-6) - -2). Let d(t) = 6*t**2 + 23*t - 46. Let h be d(b). What is the highest common divisor of h and z?
61
Let j be (-1 - -7)*(-3)/(-15)*270/81. Calculate the greatest common divisor of j and 2724.
4
Suppose -47*u + 2930 - 1190 + 1832 = 0. Calculate the highest common factor of 10754 and u.
38
Let o be (((-15)/6)/(-5)*2459)/(20/120). Calculate the highest common factor of o and 3.
3
Suppose -5*z - 185 = 2*n, 25 + 29 = -z + 3*n. Let h = z - -75. Suppose 0 = 4*q - 2*q - 24. Calculate the greatest common divisor of h and q.
12
Let r(u) = 5*u**2 + 41*u + 191. Let j be r(-10). Let q = j - 268. Calculate the highest common factor of q and 793.
13
Let v be (-3)/(36/(-16))*420/(1 + 9). Suppose -5*i = 4*o - 28, -10 = 3*o + 4*i - 31. Calculate the highest common divisor of o and v.
7
Suppose 53 = -6*n + 77. Suppose -n*s - 4*q + 8 = -20, -40 = -4*s - q. What is the greatest common factor of s and 88?
11
Let f be ((-938)/(-84))/((-1)/(-3)) - (-1)/(-2). What is the highest common divisor of f and 6?
3
Suppose 88 - 124 = -12*y. Suppose 15*p - 20*p = -y*w - 123, -5*w - 34 = -2*p. What is the greatest common factor of 243 and p?
27
Let z = 24 - 7. Suppose z = u - 5. Let r = -51 - -95. What is the greatest common divisor of u and r?
22
Let l be (6 - 19) + 286 + (3 - 0). What is the greatest common factor of l and 2944?
92
Let z(w) = 2*w**2 - 4*w - 4. Let u = 38 + -40. Let m be z(u). Calculate the highest common divisor of 68 and m.
4
Suppose 4*t - 5*x = -18, -3*t = -4*x - 0 + 13. Let y be 20/t*(-168)/16. What is the highest common factor of 165 and y?
15
Suppose -13*r - 576 = -r. Let g = r - -50. Suppose -v = -4*v - w + 83, -g*v + 4*w = -60. What is the highest common divisor of v and 112?
28
Let k = -117 - -205. Let h = 20 - 15. Suppose 0 = -2*v + h*v - a - 32, -a + 1 = 0. Calculate the highest common divisor of k and v.
11
Let a = -1663 + 1713. Calculate the greatest common divisor of 70 and a.
10
Let p(s) = s**3 - 35*s**2 + 74*s + 5. Let j be p(34). Calculate the greatest common factor of j and 285.
15
Suppose -8*k = 6*k - 15*k + 49. Calculate the highest common divisor of k and 175.
7
Let t = 940 - 543. Suppose 0 = -t*c + 398*c - 120. What is the highest common divisor of 150 and c?
30
Let b(h) be the second derivative of -1/20*h**5 + h**3 - 5/6*h**4 + 6*h - 1/2*h**2 + 0. Let c be b(-11). Calculate the highest common factor of 6 and c.
6
Let p be 206/618*(-3846)/(-4) + (-2)/4. Calculate the greatest common divisor of 25 and p.
5
Let i be (1716/24)/(4/(-8)). Let o = 165 + i. Calculate the greatest common divisor of o and 1232.
22
Let r(d) = 2*d**2 - 28*d - 30. Let c be r(20). Suppose 0 = 6*a + 8*a - c. Calculate the highest common factor of 35 and a.
5
Let x be (3/1)/((-3)/2) + 1995 + -459. Calculate the highest common divisor of x and 2242.
118
Suppose 559 - 823 = -8*l + 1096. Calculate the greatest common factor of l and 782.
34
Suppose 3*r - 4*d + 0*d - 920 = 0, r + 5*d = 332. Suppose -162 = -2*u + 2*p, -4*u - 4*p + r = 20. Calculate the highest common divisor of u and 14.
7
Let q(c) = c**2 + 113*c + 60. Let u(k) = -k**2 - 57*k - 30. Let j(n) = -3*q(n) - 5*u(n). Let w be j(30). What is the highest common factor of 60 and w?
30
Suppose 98*s + 130084 = 601904 + 6322. Calculate the highest common divisor of s and 68.
17
Let q(r) be the first derivative of r**4/4 - r**3/3 - r**2/2 + 4*r - 9. Let s be q(0). Suppose 15 - 11 = s*m. What is the greatest common factor of 9 and m?
1
Suppose 522 = -4*o - x + 1906, 0 = 2*o + x - 694. What is the highest common divisor of 180 and o?
15
Let s = -247 + 247. Suppose s*y + 555 = 5*y. What is the highest common factor of y and 37?
37
Suppose 95*m - 3312 = 12948 + 14425. Suppose -4*w + 267 = -n, -n - 131 = -2*w - 0*n. Calculate the highest common factor of w and m.
17
Suppose -4*y - 12 = -7*y. Let u(w) = w**3 - w**2 - 5*w + 8. Let a be u(y). Suppose 3*x + x = 216. Calculate the highest common divisor of x and a.
18
Let h(k) = 5*k**2 + 3*k + 2. Let o be h(-1). Suppose -o*y + 105 = 2*d - 97, -4*y + 211 = 5*d. What is the greatest common divisor of y and 98?
49
Let z be 92/(-69) + (-1)/(-3)*-2. Let l be ((-792)/(-30))/6 - z/(-5). What is the greatest common factor of 4 and l?
4
Suppose -5*s + 65 = -5*b, 0*b - 54 = -4*s + 5*b. Let i be 196/16 + 2/(-8). Suppose i*f - 12 = s*f. Calculate the greatest common factor of 30 and f.
6
Suppose -k + 3*p = -3*k + 932, 0 = 5*k + 5*p - 2320. What is the highest common divisor of k and 360?
20
Let g(a) = 3 - 5 - 8 + 7*a. Suppose 172 = -19*h + 229. Let c be g(h). Calculate the highest common factor of c and 143.
11
Let f = 13785 - 13753. Calculate the highest common divisor of f and 142.
2
Suppose 0 = 5*s + 3*a - 342, -118 = -2*s + 2*a + 38. Calculate the greatest common divisor of 243 and s.
9
Let l be (-4)/16 - (-301)/4. Let s(d) = d**3 + 31*d**2 + 23*d - 75. Let y be s(-30). Suppose y = 10*t - t. Calculate the highest common divisor of t and l.
15
Suppose -127*t - 303 = -3*v - 124*t, 359 = 4*v + 5*t. What is the highest common factor of 64 and v?
32
Let j = 148 - 146. Let b be (0 - (-4 - -5)*j) + 38. Calculate the highest common factor of b and 198.
18
Suppose -4*f + 3*a = -5 - 20, -4*a = f - 30. Let r be ((405/f)/9)/((-5)/(-160)). Calculate the greatest common divisor of 36 and r.
36
Suppose -133*x = -130*x - 2*k - 207, 2*k = -2*x + 138. What is the highest common divisor of 27 and x?
3
Let s = -13 - -18. Suppose -s*q + 27 - 7 = 0. Let x be ((-55)/(-4))/(1/q). Calculate the highest common divisor of x and 11.
11
Let c be 14/4 - (-6)/(-12). Suppose -c = -5*r - 23. Let w be 77 + 0/r*1. What is the highest common divisor of w and 11?
11
Suppose 78 = 3*j + t - 14, 5*t - 25 = 0. Let l be 1785/(-315)*(-3)/1. Let x be 2/l + (-6 - 10653/(-51)). Calculate the highest common divisor of x and j.
29
Let t(r) = 68*r + 1199. Let s be t(5). Calculate the greatest common divisor of 1881 and s.
171
Let x(l) = -62*l + 13. Let u be x(-2). Suppose -5*g + 10*g = 4*h - 126, 0 = 5*h + 4*g - u. What is the greatest common factor of h and 203?
29
Suppose -20 + 0 = -3*o + 4. Calculate the highest common divisor of 428 and o.
4
Let o = 14 - 0. Let l(g) = -2*g**2 + 78*g + 50. Let d be l(39). Let u be 8/10*125/d. What is the highest common factor of u and o?
2
Let v(g) = 152*g**2 + 23*g + 29. Let d be v(-6). Calculate the greatest common divisor of d and 31.
31
Let f(x) = x + 2. Let t = 2 - -1. Let g be f(t). Suppose -g*s = -15, 3*w + 2*w - 348 = 4*s. What is the highest common factor of 